1119?
1
What is the millions digit of 1003300966?
3
What is the units digit of 788572155?
5
What is the units digit of 84664283?
3
What is the thousands digit of 77323612?
3
What is the hundred millions digit of 467667451?
4
What is the millions digit of 119632619?
9
What is the thousands digit of 59101637?
1
What is the thousands digit of 6690936618?
6
What is the tens digit of 35241403?
0
What is the thousands digit of 91630082?
0
What is the ten thousands digit of 179486534?
8
What is the thousands digit of 441379320?
9
What is the units digit of 1616783175?
5
What is the tens digit of 72200245?
4
What is the units digit of 2490832749?
9
What is the ten millions digit of 18567453?
1
What is the billions digit of 1818800925?
1
What is the ten thousands digit of 610945454?
4
What is the ten thousands digit of 17962377?
6
What is the thousands digit of 24780449?
0
What is the hundred thousands digit of 114540223?
5
What is the millions digit of 436693634?
6
What is the ten millions digit of 25407929?
2
What is the ten thousands digit of 261908336?
0
What is the tens digit of 36554745?
4
What is the millions digit of 170469426?
0
What is the hundreds digit of 333759938?
9
What is the thousands digit of 1268749531?
9
What is the thousands digit of 161935026?
5
What is the millions digit of 1326381997?
6
What is the units digit of 3528303604?
4
What is the hundreds digit of 3290110?
1
What is the hundreds digit of 80871745?
7
What is the hundred thousands digit of 1054960917?
9
What is the hundred millions digit of 237551506?
2
What is the hundreds digit of 9055280?
2
What is the ten millions digit of 44147294?
4
What is the thousands digit of 580950070?
0
What is the hundreds digit of 2236825679?
6
What is the ten millions digit of 132497394?
3
What is the hundred millions digit of 1231780886?
2
What is the units digit of 187422392?
2
What is the thousands digit of 90310784?
0
What is the ten millions digit of 11183985?
1
What is the hundreds digit of 81083393?
3
What is the ten thousands digit of 1206778825?
7
What is the ten thousands digit of 68441275?
4
What is the ten thousands digit of 253001946?
0
What is the ten thousands digit of 202986681?
8
What is the hundred millions digit of 865783070?
8
What is the ten millions digit of 30382221?
3
What is the hundreds digit of 66943962?
9
What is the ten thousands digit of 35724138?
2
What is the hundreds digit of 26653584?
5
What is the hundred millions digit of 2473632326?
4
What is the hundred millions digit of 1136524866?
1
What is the ten millions digit of 59822944?
5
What is the millions digit of 17192756?
7
What is the ten thousands digit of 317146225?
4
What is the hundred thousands digit of 744049356?
0
What is the hundred thousands digit of 596383031?
3
What is the thousands digit of 2011855987?
5
What is the thousands digit of 2055584935?
4
What is the hundred thousands digit of 73194902?
1
What is the hundred thousands digit of 23245479?
2
What is the thousands digit of 391460180?
0
What is the units digit of 177905598?
8
What is the units digit of 1570549148?
8
What is the units digit of 657017003?
3
What is the ten thousands digit of 1981050537?
5
What is the hundred millions digit of 2589672518?
5
What is the ten millions digit of 454556452?
5
What is the hundred thousands digit of 53006542?
0
What is the ten thousands digit of 222835323?
3
What is the units digit of 970753575?
5
What is the ten millions digit of 2998905852?
9
What is the ten millions digit of 187343222?
8
What is the millions digit of 3962712635?
2
What is the thousands digit of 54002223?
2
What is the millions digit of 377586457?
7
What is the hundred millions digit of 693728581?
6
What is the ten thousands digit of 844254608?
5
What is the hundred thousands digit of 212060070?
0
What is the thousands digit of 2845535292?
5
What is the hundred thousands digit of 4022080071?
0
What is the hundreds digit of 14656104?
1
What is the hundred thousands digit of 115372751?
3
What is the thousands digit of 34598552?
8
What is the hundred thousands digit of 7160797?
1
What is the ten millions digit of 1187636267?
8
What is the ten millions digit of 86416240?
8
What is the hundreds digit of 75196340?
3
What is the hundred millions digit of 9694220878?
6
What is the ten thousands digit of 704913675?
1
What is the ten thousands digit of 853283635?
8
What is the tens digit of 17756006?
0
What is the tens digit of 26913477?
7
What is the tens digit of 4163572277?
7
What is the millions digit of 1922747489?
2
What is the millions digit of 364906757?
4
What is the tens digit of 178845649?
4
What is the tens digit of 2269147566?
6
What is the units digit of 59432758?
8
What is the units digit of 1211808055?
5
What is the hundreds digit of 586234910?
9
What is the tens digit of 385624906?
0
What is the hundreds digit of 43608270?
2
What is the tens digit of 107143444?
4
What is the thousands digit of 442337131?
7
What is the tens digit of 1523755720?
2
What is the hundreds digit of 43224997?
9
What is the tens digit of 584587380?
8
What is the ten thousands digit of 690712175?
1
What is the thousands digit of 72930617?
0
What is the thousands digit of 3722383225?
3
What is the tens digit of 146540458?
5
What is the tens digit of 123806968?
6
What is the billions digit of 3476538698?
3
What is the ten thousands digit of 1024519682?
1
What is the hundred millions digit of 3704273847?
7
What is the hundred thousands digit of 61902243?
9
What is the millions digit of 5858017758?
8
What is the ten thousands digit of 78239778?
3
What is the units digit of 229504428?
8
What is the millions digit of 7414822?
7
What is the ten thousands digit of 141649484?
4
What is the ten thousands digit of 19218548?
1
What is the hundreds digit of 222116316?
3
What is the hundreds digit of 82252120?
1
What is the ten thousands digit of 159625881?
2
What is the hundreds digit of 230299702?
7
What is the ten millions digit of 16280050?
1
What is the hundreds digit of 70342587?
5
What is the units digit of 110345268?
8
What is the ten millions digit of 740760726?
4
What is the hundreds digit of 335111915?
9
What is the thousands digit of 94281543?
1
What is the millions digit of 530251482?
0
What is the hundred thousands digit of 3305873521?
8
What is the hundred thousands digit of 13682899?
6
What is the thousands digit of 2923609409?
9
What is the hundred thousands digit of 3683562383?
5
What is the hundreds digit of 34074450?
4
What is the units digit of 200540857?
7
What is the hundreds digit of 134982703?
7
What is the tens digit of 430758987?
8
What is the units digit of 52417963?
3
What is the tens digit of 401280545?
4
What is the ten thousands digit of 2966024122?
2
What is the thousands digit of 172967152?
7
What is the units digit of 35565975?
5
What is the millions digit of 186525154?
6
What is the hundred millions digit of 177997508?
1
What is the ten thousands digit of 5665320876?
2
What is the thousands digit of 510122650?
2
What is the hundreds digit of 42043951?
9
What is the tens digit of 106123678?
7
What is the hundred millions digit of 210116982?
2
What is the hundred millions digit of 2853217166?
8
What is the hundred millions digit of 582169203?
5
What is the ten millions digit of 704162148?
0
What is the hundreds digit of 680966504?
5
What is the ten millions digit of 70813072?
7
What is the ten millions digit of 70207560?
7
What is the hundred thousands digit of 71809941?
8
What is the tens digit of 87821231?
3
What is the units digit of 146168975?
5
What is the units digit of 105790631?
1
What is the hundreds digit of 112775384?
3
What is the hundreds digit of 4507302008?
0
What is the hundreds digit of 38933746?
7
What is the ten thousands digit of 13918709?
1
What is the hundreds digit of 505064666?
6
What is the tens digit of 89121365?
6
What is the hundred thousands digit of 41637024?
6
What is the hundreds digit of 40099300?
3
What is the tens digit of 19487432?
3
What is the hundreds digit of 26372441?
4
What is the units digit of 1226509148?
8
What is the units digit of 16123303?
3
What is the units digit of 4754653366?
6
What is the units digit of 867036177?
7
What is the hundreds digit of 9157917?
9
What is the milli